6) to base 16
1789
Convert -2342 (base 8) to base 3.
-1201022
What is 5 (base 13) in base 11?
5
What is 1522 (base 12) in base 7?
10133
-a490 (base 13) to base 15
-6b28
Convert -17293 (base 10) to base 6.
-212021
-24241 (base 5) to base 10
-1821
8710 (base 9) to base 5
201113
What is 158 (base 16) in base 14?
1a8
-365 (base 14) to base 16
-2a5
What is -d2 (base 14) in base 5?
-1214
-20154 (base 7) to base 2
-1001100011010
-1233232 (base 4) to base 8
-15756
Convert -3002 (base 9) to base 5.
-32224
What is 362 (base 8) in base 2?
11110010
Convert 401 (base 9) to base 13.
1c0
What is -3124 (base 8) in base 3?
-2020000
-112332 (base 5) to base 2
-111111111100
What is 15100 (base 7) in base 11?
3147
132222 (base 4) to base 5
30322
Convert 5a18 (base 16) to base 7.
124146
-32000 (base 4) to base 2
-1110000000
2c644 (base 13) to base 9
137881
What is -10111111110 (base 2) in base 9?
-2084
Convert 3594 (base 13) to base 5.
220212
What is 556 (base 11) in base 9?
820
What is -25543 (base 6) in base 13?
-19c5
1531 (base 10) to base 11
1172
Convert -1118 (base 9) to base 15.
-3a2
What is 1000011 (base 2) in base 11?
61
What is -102100 (base 3) in base 15?
-156
Convert -4b1 (base 12) to base 13.
-427
-657 (base 9) to base 8
-1032
Convert 242 (base 13) to base 4.
12020
What is a462 (base 12) in base 10?
17930
What is -3112 (base 7) in base 15?
-4c7
What is -32112 (base 4) in base 10?
-918
What is 15675 (base 10) in base 12?
90a3
What is -a47 (base 12) in base 11?
-113a
Convert 4245 (base 6) to base 12.
685
479 (base 10) to base 16
1df
802 (base 11) to base 12
68a
-100111 (base 2) to base 12
-33
-1dd (base 15) to base 2
-110110001
Convert 204 (base 15) to base 11.
383
-140316 (base 7) to base 14
-997d
Convert 486 (base 10) to base 14.
26a
What is 23973 (base 14) in base 11?
5a347
What is 10644 (base 7) in base 6?
20343
-2062 (base 8) to base 13
-648
Convert -50255 (base 6) to base 13.
-2cc9
Convert 2868 (base 10) to base 8.
5464
What is -18857 (base 10) in base 11?
-13193
-43745 (base 9) to base 10
-29039
Convert 53 (base 7) to base 13.
2c
Convert -100011001111 (base 2) to base 9.
-3075
Convert 10262 (base 7) to base 9.
3435
What is -3320 (base 12) in base 6?
-42040
Convert 112200021 (base 3) to base 6.
121311
What is -b21a (base 12) in base 10?
-19318
Convert 4168 (base 10) to base 9.
5641
11100111 (base 2) to base 4
3213
What is 3045 (base 6) in base 14?
365
What is 2431340 (base 5) in base 13?
17b37
1838 (base 9) to base 12
998
5e66 (base 16) to base 3
1020011001
Convert -90b8 (base 12) to base 14.
-5a0c
Convert 10110 (base 3) to base 5.
333
What is 11444 (base 5) in base 10?
874
-10102011 (base 3) to base 7
-10153
What is -152 (base 9) in base 3?
-11202
What is 87 (base 11) in base 12?
7b
-1c408 (base 13) to base 15
-11724
What is -104 (base 15) in base 9?
-274
What is -1103 (base 7) in base 6?
-1455
-1022214 (base 5) to base 9
-25513
Convert -b674 (base 14) to base 12.
-1625a
What is -12035 (base 7) in base 4?
-300221
1426 (base 10) to base 14
73c
Convert -195 (base 16) to base 9.
-500
What is -110012 (base 3) in base 13?
-1c4
7143 (base 11) to base 14
3657
1418 (base 9) to base 6
4542
Convert -10443 (base 6) to base 13.
-88b
1313 (base 6) to base 10
333
What is 2cc (base 13) in base 9?
622
What is -223202 (base 4) in base 6?
-20522
2333 (base 4) to base 7
362
Convert -1100110110 (base 2) to base 4.
-30312
-230 (base 12) to base 11
-275
Convert 21175 (base 10) to base 13.
983b
-100301 (base 5) to base 14
-1249
Convert -6b2 (base 15) to base 6.
-11005
31c4 (base 13) to base 8
15410
-101002222 (base 3) to base 6
-54042
What is -11256 (base 9) in base 2?
-1110101001111
Convert -8965 (base 13) to base 5.
-1103210
240 (base 9) to base 16
c6
Convert 9539 (base 14) to base 10.
25727
Convert 1054 (base 10) to base 16.
41e
12011 (base 4) to base 12
285
Convert 13b4 (base 12) to base 7.
6460
What is 13502 (base 6) in base 2?
100001001110
-1c96 (base 13) to base 12
-2624
Convert -100101110111 (base 2) to base 9.
-3282
What is 4445 (base 9) in base 12?
1a95
-101012210 (base 3) to base 16
-1d16
What is -13475 (base 9) in base 14?
-348c
Convert -100002200 (base 3) to base 2.
-1100111101001
What is -30304 (base 5) in base 8?
-3642
32200 (base 5) to base 4
201333
What is 10723 (base 14) in base 8?
115613
What is -289 (base 15) in base 3?
-210110
Convert -503 (base 16) to base 15.
-5a8
16668 (base 11) to base 13
a881
What is 1200111 (base 3) in base 10?
1228
What is 10790 (base 11) in base 15?
4942
Convert 1101100 (base 2) to base 6.
300
What is -3179 (base 14) in base 15?
-27e0
-1011011001 (base 2) to base 8
-1331
What is 12bb (base 16) in base 11?
366a
What is 5c57 (base 15) in base 16?
4cc9
What is -100033 (base 6) in base 5?
-222142
Convert 2310 (base 4) to base 12.
130
212 (base 7) to base 3
10222
Convert 1242 (base 7) to base 2.
111010111
Convert 424 (base 9) to base 13.
208
What is -4176 (base 9) in base 3?
-11012120
Convert -4311 (base 5) to base 12.
-405
Convert 101112310 (base 4) to base 3.
10121112001
Convert -441c (base 15) to base 7.
-60030
-162ab (base 12) to base 15
-9518
-304600 (base 7) to base 8
-145567
Convert -4201 (base 6) to base 12.
-661
Convert -1129 (base 13) to base 10.
-2401
Convert 1112220 (base 3) to base 7.
3204
Convert -b8b (base 14) to base 3.
-10010102
Convert 1530 (base 8) to base 15.
3c1
Convert -1243040 (base 5) to base 13.
-b375
-5200 (base 8) to base 10
-2688
What is 11868 (base 9) in base 7?
32216
What is 4630 (base 8) in base 14?
c76
Convert -1502 (base 7) to base 4.
-21032
-307 (base 15) to base 9
-837
Convert 2972 (base 11) to base 7.
14111
Convert -1114 (base 6) to base 16.
-106
What is 1224404 (base 5) in base 6?
301505
What is -163433 (base 7) in base 8?
-77316
What is 37450 (base 8) in base 13?
7489
What is -623 (base 15) in base 13?
-825
Convert 448 (base 16) to base 5.
13341
What is -110001001 (base 2) in base 5?
-3033
Convert 102210 (base 3) to base 10.
318
What is 231322 (base 5) in base 14?
3077
14205 (base 6) to base 2
100010111101
Convert -10100010101000 (base 2) to base 7.
-42226
1101211 (base 3) to base 9
1354
Convert -2d9 (base 14) to base 16.
-247
What is 1a76 (base 14) in base 7?
20006
Convert 330152 (base 6) to base 5.
1333114
-4275 (base 9) to base 13
-1580
-30640 (base 8) to base 6
-134452
Convert -1020220 (base 3) to base 16.
-393
What is 10111 (base 3) in base 14?
6a
What is 101645 (base 7) in base 16?
4445
Convert 124d (base 16) to base 8.
11115
What is 419 (base 14) in base 15?
38c
What is -11e5 (base 15) in base 8?
-7347
What is -4849 (base 14) in base 13?
-597c
What is 1023320 (base 4) in base 7?
20105
Convert -2111 (base 3) to base 12.
-57
15ca (base 14) to base 5
111102
What is 3 (base 13) in base 16?
3
What is -4136 (base 12) in base 4?
-1232322
-12010110 (base 3) to base 15
-1193
Convert 102101 (base 3) to base 16.
133
Convert -5045 (base 6) to base 16.
-455
-59a (base 11) to base 6
-3150
Convert 1077 (base 10) to base 9.
1426
20664 (base 12) to base 13
163c6
Convert -310104 (base 5) to base 9.
-14673
Convert 1099 (base 10) to base 12.
777
Convert -8a4 (base 13) to base 5.
-21421
What is 51b3 (base 12) in base 4?
2023113
Convert 28770 (base 10) to base 4.
13001202
-726 (base 12) to base 5
-13123
What is -24312 (base 6) in base 13?
-181a
What is a31 (base 13) in base 5?
23410
Convert -3150 (base 6) to base 3.
-222110
-8572 (base 9) to base 14
-2422
Convert -22300 (base 4) to base 8.
-1260
What is 51b (base 14) in base 5?
13010
-1111201011 (base 3) to base 14
-ab5b
100122 (base 6) to base 13
3740
Convert -9628 (base 14) to base 10.
-25908
What is -14482 (base 9) in base 15?
-2dd5
Convert 5022 (base 6) to base 12.
772
Convert -b7 (base 14) to base 5.
-1121
What is -370 (base 8) in base 14?
-13a
-10000101 (base 3) to base 2
-100010010101
What is -509 (base 13) in base 12?
-5b2
326 (base 8) to base 14
114
a5 (base 11) to base 4
1303
5154 (base 6) to base 9
1517
Convert -6251 (base 8) to base 10.
-3241
Convert -2123111 (base 4) to base 5.
-304231
What is -5b4 (base 14) in base 6?
-5134
Convert -837 (base 15) to base 9.
-2477
-110342 (base 5) to base 4
-330013
What is 2621 (base 7) in base 5?
12440
Convert 794 (base 11) to base 2.
1110110110
101000110001101 (base 2) to base 12
100b9
Convert -1444 (bas